at are the prime factors of 25789464?
2, 3, 47, 7621
What are the prime factors of 1757158086?
2, 3, 311, 941671
List the prime factors of 844904253.
3, 281634751
What are the prime factors of 683371451?
7, 191, 511123
What are the prime factors of 51806103?
3, 19, 908879
List the prime factors of 22259807.
379, 58733
What are the prime factors of 238100841?
3, 11, 479, 5021
List the prime factors of 21374982.
2, 3, 277, 1429
List the prime factors of 3452656714.
2, 13, 132794489
What are the prime factors of 341349767?
11, 47, 660251
List the prime factors of 435885349.
769, 566821
What are the prime factors of 29484507?
3, 13, 211, 3583
What are the prime factors of 1472419695?
3, 5, 131, 749323
List the prime factors of 546813720.
2, 3, 5, 41, 53, 233
What are the prime factors of 160839265?
5, 2417, 13309
What are the prime factors of 81398600?
2, 5, 406993
What are the prime factors of 689912959?
89, 7751831
List the prime factors of 45392111.
257, 347, 509
List the prime factors of 54850941.
3, 1433, 4253
List the prime factors of 280936094.
2, 1669, 84163
List the prime factors of 25935046.
2, 12967523
List the prime factors of 8804402.
2, 17, 127, 2039
What are the prime factors of 1066666624?
2, 1667, 4999
List the prime factors of 1354363602.
2, 3, 23, 61, 349, 461
What are the prime factors of 54723424?
2, 7, 244301
List the prime factors of 420170574.
2, 3, 229, 313, 977
List the prime factors of 19104012.
2, 3, 58963
List the prime factors of 586480449.
3, 195493483
What are the prime factors of 286082173?
13, 22006321
What are the prime factors of 500186090?
2, 5, 563, 88843
What are the prime factors of 484182561?
3, 161394187
What are the prime factors of 110110989?
3, 17, 47, 71, 647
List the prime factors of 1375995603.
3, 458665201
What are the prime factors of 223308186?
2, 3, 47, 53, 67, 223
List the prime factors of 328373877.
3, 13, 8419843
List the prime factors of 14906723.
13, 1146671
List the prime factors of 310545736.
2, 37, 1049141
What are the prime factors of 193779773?
11, 983, 17921
List the prime factors of 196291287.
3, 31, 251, 2803
List the prime factors of 53917091.
31, 41, 59, 719
List the prime factors of 28494746.
2, 7, 23, 88493
List the prime factors of 1792263180.
2, 3, 5, 97, 101, 3049
What are the prime factors of 217513786?
2, 7, 19, 817721
What are the prime factors of 53579522?
2, 127, 210943
What are the prime factors of 18002290?
2, 5, 769, 2341
What are the prime factors of 167783183?
17, 23, 29, 14797
List the prime factors of 234165401.
29, 43, 79, 2377
List the prime factors of 14064693.
3, 19, 227, 1087
List the prime factors of 136965537.
3, 15218393
What are the prime factors of 261230575?
5, 89, 113, 1039
What are the prime factors of 982162667?
41, 71, 337397
List the prime factors of 951530402.
2, 43, 2753, 4019
List the prime factors of 158870604.
2, 3, 107, 123731
What are the prime factors of 17547339?
3, 5849113
What are the prime factors of 24766917?
3, 7, 101, 11677
List the prime factors of 31074366.
2, 3, 5179061
What are the prime factors of 18580271?
19, 29, 33721
List the prime factors of 29039013.
3, 1075519
What are the prime factors of 326414010?
2, 3, 5, 13, 131, 6389
List the prime factors of 72315362.
2, 7, 149, 34667
List the prime factors of 769966366.
2, 13, 2278007
List the prime factors of 11989040.
2, 5, 7, 79, 271
What are the prime factors of 678137719?
7, 96876817
What are the prime factors of 5524889?
5524889
List the prime factors of 1184376562.
2, 16649, 35569
List the prime factors of 17327163.
3, 7, 83, 9941
List the prime factors of 1291916708.
2, 29, 211, 52783
List the prime factors of 177389354.
2, 229, 387313
What are the prime factors of 255526400?
2, 5, 19963
List the prime factors of 17499574.
2, 8749787
List the prime factors of 2580681572.
2, 7, 92167199
List the prime factors of 581357138.
2, 290678569
List the prime factors of 27113787.
3, 191, 15773
What are the prime factors of 18544570?
2, 5, 11, 19, 467
List the prime factors of 373462821.
3, 41495869
What are the prime factors of 51449918?
2, 13, 389, 5087
List the prime factors of 5711132025.
3, 5, 25382809
List the prime factors of 1162334602.
2, 11, 13, 4064107
List the prime factors of 1210792403.
37, 239, 269, 509
List the prime factors of 40763830.
2, 5, 4076383
List the prime factors of 412467239.
412467239
What are the prime factors of 38712206?
2, 13, 1488931
List the prime factors of 112150752.
2, 3, 7, 157, 1063
What are the prime factors of 2324535220?
2, 5, 7, 641, 25903
List the prime factors of 1488100368.
2, 3, 19, 23, 61, 1163
What are the prime factors of 114531794?
2, 13, 31, 142099
List the prime factors of 579815389.
53, 10939913
What are the prime factors of 1142772?
2, 3, 95231
What are the prime factors of 23613511?
29, 37, 59, 373
What are the prime factors of 2911371125?
5, 13, 17, 105389
What are the prime factors of 42322907?
11, 79, 113, 431
List the prime factors of 301548368.
2, 11, 1713343
List the prime factors of 563147586.
2, 3, 149, 69991
What are the prime factors of 240002668?
2, 17, 3529451
List the prime factors of 430336367.
430336367
What are the prime factors of 18282624?
2, 3, 47, 1013
What are the prime factors of 5224708?
2, 47, 27791
What are the prime factors of 414487429?
683, 606863
What are the prime factors of 154290829?
7, 11, 73, 27449
What are the prime factors of 62914976?
2, 97, 20269
List the prime factors of 507165060.
2, 3, 5, 8452751
List the prime factors of 17120350.
2, 5, 13, 26339
List the prime factors of 18745730.
2, 5, 17, 110269
List the prime factors of 3571982239.
7, 71, 7187087
What are the prime factors of 1059439351?
71, 733, 20357
What are the prime factors of 230984816?
2, 41, 352111
List the prime factors of 21728284.
2, 23, 59, 4003
What are the prime factors of 1225400849?
73, 16786313
List the prime factors of 116132295.
3, 5, 41, 188833
What are the prime factors of 324634261?
7, 17, 211, 1847
List the prime factors of 725486972.
2, 7, 37, 700277
What are the prime factors of 1993358945?
5, 398671789
List the prime factors of 469578992.
2, 29348687
What are the prime factors of 56826113?
241, 235793
What are the prime factors of 99158661?
3, 7, 179, 977
What are the prime factors of 1744806495?
3, 5, 83, 631, 2221
List the prime factors of 1975871154.
2, 3, 15473, 21283
List the prime factors of 1764184909.
1764184909
List the prime factors of 2302106815.
5, 460421363
What are the prime factors of 2432037310?
2, 5, 243203731
List the prime factors of 2027598844.
2, 3673, 138007
List the prime factors of 1626755755.
5, 17, 79, 242257
List the prime factors of 1909341341.
41, 43, 1083007
What are the prime factors of 603568978?
2, 301784489
List the prime factors of 51450373.
13, 173, 22877
List the prime factors of 441751060.
2, 5, 22087553
What are the prime factors of 34507982?
2, 53, 251, 1297
List the prime factors of 6021436.
2, 53, 28403
What are the prime factors of 11170162?
2, 29, 229
What are the prime factors of 41799142?
2, 7, 11, 23, 11801
What are the prime factors of 462449526?
2, 3, 7, 11, 1000973
What are the prime factors of 121749745?
5, 13, 53, 59, 599
List the prime factors of 330001412.
2, 13, 6346181
What are the prime factors of 717915332?
2, 179478833
What are the prime factors of 84134308?
2, 97, 216841
What are the prime factors of 54273235?
5, 137, 79231
What are the prime factors of 75547526?
2, 37773763
List the prime factors of 36416560.
2, 5, 101, 4507
List the prime factors of 2098978488.
2, 3, 19, 511447
What are the prime factors of 3429188893?
13, 227, 1162043
What are the prime factors of 51803552?
2, 37, 43753
What are the prime factors of 531453060?
2, 3, 5, 1291, 2287
What are the prime factors of 1226287681?
6689, 183329
What are the prime factors of 199239176?
2, 61, 83, 4919
List the prime factors of 71081023.
13, 1009, 5419
List the prime factors of 327050603.
11, 29, 35353
What are the prime factors of 65635374?
2, 3, 7, 199, 7853
What are the prime factors of 204418560?
2, 3, 5, 43, 619
What are the prime factors of 305916784?
2, 109, 175411
What are the prime factors of 412052730?
2, 3, 5, 101, 239, 569
List the prime factors of 532463635.
5, 11, 29, 167, 